False
Is 4955 a composite number?
True
Is 451 prime?
False
Is 99553 prime?
False
Is 1285 prime?
False
Is 529 composite?
True
Is 365 a prime number?
False
Is 3359 a prime number?
True
Is 115 a prime number?
False
Is 122527 composite?
False
Is 1319567 a composite number?
False
Is 36401 a prime number?
False
Is 552397 a composite number?
False
Is 1511 composite?
False
Is 17147 a prime number?
False
Is 15193 a prime number?
True
Is 141649 a prime number?
True
Is 82619 a composite number?
False
Is 7069 a prime number?
True
Is 19263 prime?
False
Is 129113 a prime number?
True
Is 164963 a prime number?
True
Is 10937 composite?
False
Is 22901 prime?
True
Is 922835 prime?
False
Is 2599 a prime number?
False
Is 220721 prime?
True
Is 36833 prime?
True
Is 586079 prime?
False
Is 11897 composite?
False
Is 110119 a composite number?
False
Is 182027 prime?
True
Is 13291 a composite number?
False
Is 839 a prime number?
True
Is 5261 prime?
True
Is 1151 a composite number?
False
Is 841353 a prime number?
False
Is 40981 composite?
True
Is 31121 a composite number?
False
Is 29269 a composite number?
False
Is 139427 a prime number?
False
Is 4643 composite?
False
Is 2507 a composite number?
True
Is 37547 a prime number?
True
Is 6065 prime?
False
Is 840287 a composite number?
True
Is 191377 prime?
False
Is 352511 prime?
True
Is 199 prime?
True
Is 77555 a composite number?
True
Is 7667099 a composite number?
True
Is 19373 composite?
False
Is 938381 a prime number?
False
Is 1240483 a prime number?
True
Is 389497 a prime number?
False
Is 1530029 a prime number?
False
Is 28493 a prime number?
True
Is 18671 prime?
True
Is 230719 a prime number?
True
Is 412261 composite?
True
Is 54017 a prime number?
False
Is 139765 prime?
False
Is 1189 a prime number?
False
Is 412891 prime?
True
Is 31499 composite?
True
Is 1594033 a composite number?
True
Is 30367 composite?
False
Is 41723 composite?
True
Is 36523 a prime number?
True
Is 10243 prime?
True
Is 85 prime?
False
Is 8779 composite?
False
Is 251 prime?
True
Is 437729 prime?
True
Is 2839819 composite?
False
Is 666541 composite?
False
Is 464249 a prime number?
False
Is 898201 prime?
False
Is 59219 a composite number?
False
Is 3613 a prime number?
True
Is 67631 prime?
True
Is 45209 a prime number?
False
Is 1633 a prime number?
False
Is 138389 a composite number?
False
Is 682603 composite?
True
Is 5429 a composite number?
True
Is 156007 composite?
False
Is 4111 composite?
False
Is 54869 a prime number?
True
Is 662567 a composite number?
False
Is 18697 a composite number?
True
Is 9742 prime?
False
Is 3433 composite?
False
Is 72619 composite?
True
Is 13567 prime?
True
Is 3646 composite?
True
Is 875229 composite?
True
Is 93937 a composite number?
False
Is 15627 composite?
True
Is 75971 prime?
False
Is 159101 a composite number?
True
Is 382163 prime?
True
Is 432713 a composite number?
False
Is 139267 composite?
False
Is 84971 a composite number?
True
Is 718555 a prime number?
False
Is 372263 composite?
False
Is 103585 a composite number?
True
Is 514933 composite?
False
Is 338339 composite?
False
Is 23281 prime?
False
Is 26293 composite?
False
Is 307 composite?
False
Is 7201 prime?
False
Is 142867 a composite number?
False
Is 599693 a prime number?
True
Is 126833 a prime number?
False
Is 773678 a composite number?
True
Is 5501 a composite number?
False
Is 80881 a composite number?
True
Is 406859 prime?
True
Is 163369 prime?
False
Is 70429 composite?
False
Is 1823 composite?
False
Is 47983 prime?
False
Is 159421 a composite number?
False
Is 429449 composite?
False
Is 565937 a composite number?
False
Is 1872097 a prime number?
True
Is 622301 a composite number?
False
Is 388621 a composite number?
False
Is 99559 a prime number?
True
Is 490961 a composite number?
True
Is 1555 a prime number?
False
Is 77893 prime?
True
Is 176422 a prime number?
False
Is 272237 a composite number?
True
Is 104509 composite?
True
Is 6218 a prime number?
False
Is 12637 composite?
False
Is 85379 prime?
False
Is 298283 prime?
True
Is 40159 composite?
True
Is 159047 composite?
True
Is 93683 a prime number?
True
Is 24515 a composite number?
True
Is 86341 composite?
False
Is 2019503 prime?
True
Is 5629 prime?
False
Is 18527 a prime number?
False
Is 399767 a composite number?
True
Is 513973 a prime number?
False
Is 58447 composite?
True
Is 11677 composite?
False
Is 6931 composite?
True
Is 7814 a composite number?
True
Is 310481 a composite number?
False
Is 378191 a prime number?
False
Is 172181 a composite number?
False
Is 12235 a prime number?
False
Is 190121 composite?
False
Is 44015 a composite number?
True
Is 13253 a composite number?
True
Is 12763 a composite number?
False
Is 121037 a prime number?
False
Is 18514 a prime number?
False
Is 1163 a composite number?
False
Is 29243 prime?
True
Is 33983 prime?
False
Is 66683 a prime number?
True
Is 2177 composite?
True
Is 3941 prime?
False
Is 288833 composite?
False
Is 7817 composite?
False
Is 117029 a composite number?
True
Is 454723 a composite number?
False
Is 108247 a composite number?
False
Is 29381 prime?
False
Is 7219222 a composite number?
True
Is 1373441 composite?
False
Is 25709 composite?
True
Is 503543 a prime number?
True
Is 218 a prime number?
False
Is 29071 composite?
True
Is 126397 a prime number?
True
Is 498071 a prime number?
False
Is 625979 composite?
False
Is 15898 prime?
False
Is 19226 a prime number?
False
Is 44491 prime?
True
Is 44753 a prime number?
True
Is 316879 a composite number?
False
Is 28597 a prime number?
True
Is 12473 composite?
False
Is 7255 a composite number?
True
Is 173891 composite?
False
Is 53513 prime?
False
Is 6805 prime?
False
Is 40738 composite?
True
Is 4291 a prime number?
False
Is 49223 a composite number?
False
Is 109759 composite?
True
Is 125353 a composite number?
False
Is 295703 prime?
True
Is 2887 a composite number?
False
Is 50981 composite?
True
Is 76427 a composite number?
True
Is 5471 prime?
True
Is 874186 composite?
True
Is 1525987 a composite number?
False
Is 4033 a composite number?
True
Is 979607 a prime number?
False
Is 683251 a prime number?
True
Is 450265 a composite number?
True
Is 4045 a prime number?
False
Is 1882619 a composite number?
True
Is 275299 a composite number?
False
Is 9655 a composite number?
True
Is 25793 a prime number?
True
Is 52691 composite?
False
Is 3869 a composite number?
True
Is 401939 composite?
False
Is 14759 prime?
True
Is 241235 a composite number?
True
Is 1705169 a prime number?
False
Is 133447 a prime number?
True
Is 12659 prime?
True
Is 31411 prime?
False
Is 12687 a prime number?
False
Is 4663 prime?
True
Is 696131 a prime number?
False
Is 40759 composite?
False
Is 298663 a prime number?
False
Is 9533 composite?
False
Is 6437 a prime number?
False
Is 346057 a composite number?
True
Is 166151 prime?
True
Is 584621 a composite number?
False
Is 104569 composite?
True
Is 6071 a composite number?
True
Is 427781 a composite number?
False
Is 31359 a prime number?
False
Is 78977 prime?
True
Is 367937 a prime number?
False
Is 30337 a composite number?
True
Is 9661 a prime number?
True
Is 29081 a prime number?
False
Is 395893 composite?
True
Is 9923 a prime number?
True
Is 111143 a prime number?
True
Is 9013811 composite?
False
Is 2061537 composite?
True
Is 342911 a composite number?
True
Is 16145 a composite number?
True
Is 1757 prime?
False
Is 356851 a composite number?
True
Is 26807 composite?
True
Is 3943 prime?
True
Is 1045978 composite?
True
Is 676903 a composite number?
False
Is 739 prime?
True
Is 281947 composite?
False
Is 5045 prime?
False
Is 83983 composite?
False
Is 355 a prime number?
False
Is 1519169 composite?
False
Is 143515 a composite number?
True
Is 993 a composite number?
True
Is 115829 a prime number?
False
Is 10211 a prime number?
True
Is 25481 a prime number?
False
Is 145949 composite?
False
Is 43223 composite?
False
Is 2921 a composite number?
True
Is 47207 a prime number?
True
Is 2569 prime?
False
Is 202309 prime?
True
Is 1087 a prime number?
True
Is 225899 a prime number?
False
Is 2741 a composite number?
False
Is 86131 a prime number?
True
Is 73703 composite?
True
Is 13577 a composite number?
False
Is 4725763 composite?
True
Is 5998 composite?
True
Is 1739 composite?
True
Is 221209 a composite number?
False
